+ 183*r - 664. Calculate n(57).
20
Let a(b) = -200*b - 9167. Calculate a(-46).
33
Let p(z) = z**3 - 4*z**2 - 143*z - 311. What is p(15)?
19
Let b(l) = -145*l**2 - 376*l - 376. What is b(-1)?
-145
Let y(g) = 227*g**2 - 237*g - 4. Determine y(1).
-14
Let j(p) = -p**2 + 16*p + 9. Determine j(-6).
-123
Let g(m) = -2*m**3 - 120*m**2 + 123*m - 110. Calculate g(-61).
-171
Let h(j) = -27*j**2 + 188*j + 13. What is h(7)?
6
Let y(c) = -174*c**2 - 1387*c - 51. What is y(-8)?
-91
Let t(p) = p**2 + 251*p + 15561. Give t(-138).
-33
Let c(d) = 185*d - 1027. Give c(8).
453
Let k(u) = -u**3 + 29*u**2 - 11*u - 601. Give k(28).
-125
Let b(j) = 15*j + 2514. Determine b(-168).
-6
Let j(c) = c**3 - 6*c**2 - 9*c + 3. Determine j(-5).
-227
Let r(o) = -21*o - 277. Give r(-11).
-46
Let f(d) = -d**2 - 111*d - 2978. Give f(-66).
-8
Let q(b) = b**2 + 3*b - 68. What is q(-19)?
236
Let d(h) = 14*h**3 + 2*h**2 - 19*h + 30. What is d(2)?
112
Let h(x) = -x**2 - 31*x - 186. Calculate h(-22).
12
Let s(p) = 17*p**2 + 7*p - 6. Give s(1).
18
Let c(v) = -v**2 + 10*v - 15. Calculate c(4).
9
Let f(z) = -z**2 - 100*z - 1637. Give f(-20).
-37
Let s(a) = -a**3 - 50*a**2 + 52*a - 110. Calculate s(-51).
-161
Let d(r) = -26*r + 164. What is d(6)?
8
Let q(w) = 6*w + 85. What is q(-5)?
55
Let i(y) = y**3 + 141*y**2 - 647*y - 409. Determine i(5).
6
Let x(k) = -k**2 + 32*k - 87. Give x(30).
-27
Let z(a) = 13*a**2 - 155*a + 7. Give z(12).
19
Let p(t) = 56*t + 897. What is p(-16)?
1
Let j(z) = -z**3 - 17*z**2 + 53*z + 207. Determine j(-19).
-78
Let q(u) = u**2 + 51*u + 66. Calculate q(-15).
-474
Let f(o) = o**3 + 9*o**2 - 25*o + 2. What is f(2)?
-4
Let p(x) = 3*x**2 - 13*x - 228. Calculate p(19).
608
Let o(r) = -2*r**2 + 169*r + 1371. Give o(92).
-9
Let l(s) = 51*s + 603. Give l(-12).
-9
Let c(f) = -34*f + 160. What is c(21)?
-554
Let q(l) = 2*l**2 - 780*l + 39058. Determine q(59).
0
Let j(y) = 98*y + 14286. Give j(-145).
76
Let a(o) = o**3 - 22*o**2 + 24*o - 1. Give a(21).
62
Let k(x) = 3*x**3 + 173*x**2 + 276*x - 179. What is k(-56)?
45
Let k(o) = o**3 - o**2 - 4*o - 3. Determine k(-1).
-1
Let k(q) = -q**2 + 7*q + 10. Give k(-8).
-110
Let c(q) = -q**3 + 48*q**2 - 249*q - 134. Calculate c(42).
-8
Let b(g) = -g**3 - 10*g**2 + 111*g + 12. Give b(7).
-44
Let r(b) = b**3 + 40*b**2 + 202*b - 53. Calculate r(-34).
15
Let b(k) = -4*k**3 - 23*k**2 - 8*k + 68. Determine b(-4).
-12
Let f(b) = 337*b - 323. Determine f(1).
14
Let h(d) = 8*d**2 - 192*d + 501. Determine h(21).
-3
Let p(t) = t**3 + 11*t**2 + 26*t - 21. What is p(-7)?
-7
Let x(n) = -49*n + 830. Give x(8).
438
Let l(g) = -6*g**2 - 370*g + 880. Give l(-64).
-16
Let l(b) = -29*b - 223. What is l(-8)?
9
Let t(j) = -4*j - 125. Determine t(-26).
-21
Let p(r) = 8*r + 129. What is p(0)?
129
Let o(x) = -177*x + 664. What is o(4)?
-44
Let g(s) = -2*s**2 - 114*s + 112. Determine g(1).
-4
Let y(z) = -z**3 - 23*z**2 - 33*z + 5. Calculate y(-22).
247
Let k(m) = 2*m**3 + 65*m**2 + 28*m - 153. Determine k(-32).
-25
Let q(h) = 21*h + 306. Give q(-14).
12
Let i(l) = 21*l - 8. Give i(7).
139
Let u(a) = -200*a - 4213. Give u(-21).
-13
Let d(a) = a**3 + a**2 - 13*a - 16. What is d(-4)?
-12
Let z(i) = -10*i - 363. Determine z(-37).
7
Let f(d) = -3*d**2 - 39*d + 177. Calculate f(-14).
135
Let g(t) = -t**3 + t**2 + 140*t + 283. What is g(13)?
75
Let l(q) = q**2 + 23*q. Calculate l(1).
24
Let s(b) = -2*b**2 + 9*b - 18. Give s(5).
-23
Let l(o) = -o**2 - 59*o - 528. Give l(-9).
-78
Let b(f) = -25*f**2 - 2214*f - 1231. Determine b(-88).
1
Let l(h) = h - 197. Give l(18).
-179
Let b(d) = 568*d + 1703. Give b(-3).
-1
Let m(k) = -k**3 + 31*k**2 - 38*k + 190. Give m(30).
-50
Let a(o) = 2*o**2 - 112*o + 520. Determine a(5).
10
Let j(f) = -4*f**2 + 81*f + 66. What is j(21)?
3
Let b(n) = 14*n**2 + 182*n - 417. What is b(-15)?
3
Let o(d) = -146*d + 1629. Calculate o(11).
23
Let v(l) = 4*l**2 - 65*l - 27. What is v(17)?
24
Let x(s) = -s**3 + 10*s**2 - 28. Calculate x(9).
53
Let r(y) = -195*y + 71. Calculate r(3).
-514
Let w(j) = -12*j**2 + 218*j + 898. Give w(-4).
-166
Let k(s) = s**2 + 761*s - 7695. Calculate k(10).
15
Let x(h) = -92*h + 1333. Calculate x(15).
-47
Let d(a) = a**3 + 3*a**2 - 247*a - 744. Determine d(-3).
-3
Let k(u) = -u**3 + 31*u**2 + 32*u + 38. Calculate k(32).
38
Let i(x) = 3*x**2 + 166*x - 3082. What is i(-70)?
-2
Let t(f) = -9*f**2 - 116*f + 141. Calculate t(-14).
1
Let h(w) = -23*w**2 - 94*w - 16. Calculate h(-4).
-8
Let t(r) = -r**3 + 17*r**2 + 43*r + 2183. Determine t(23).
-2
Let j(k) = 30*k + 5. Give j(-5).
-145
Let q(u) = -1443*u - 27412. What is q(-19)?
5
Let z(f) = -10*f**2 - 133*f - 11. Determine z(-15).
-266
Let j(h) = -420*h + 6806. Calculate j(16).
86
Let o(i) = i**2 + 52*i + 287. Determine o(-9).
-100
Let y(k) = -39*k + 4800. Determine y(123).
3
Let b(m) = m**3 + 45*m**2 + 515*m + 194. What is b(-22)?
-4
Let j(k) = 13*k - 94. What is j(8)?
10
Let a(s) = -34*s**3 - s**2 - 18*s + 18. What is a(1)?
-35
Let i(m) = 789*m + 3934. Determine i(-5).
-11
Let u(c) = c + 279. Determine u(33).
312
Let r(c) = -c**2 - 1171*c + 11809. Give r(10).
-1
Let x(t) = -4*t**3 + 10*t**2 - 74*t + 27. What is x(6)?
-921
Let n(y) = 18*y - 708. Determine n(43).
66
Let h(b) = -26*b + 205. Calculate h(15).
-185
Let n(b) = b**3 + 3*b**2 - 12*b - 34. Give n(-4).
-2
Let o(v) = v**3 + 50*v**2 + 329*v - 61. What is o(-8)?
-5
Let s(q) = -4911*q - 29473. Calculate s(-6).
-7
Let m(x) = x**3 - 22*x**2 + 53*x + 22. Give m(19).
-54
Let r(l) = -76*l + 10709. Determine r(141).
-7
Let t(a) = -11*a**2 - 3*a + 28. Determine t(-2).
-10
Let z(x) = x**2 + 26*x - 37. Determine z(0).
-37
Let s(a) = a**2 + 23*a + 45. Calculate s(-5).
-45
Let k(v) = v**3 + 15*v**2 + 458*v + 7576. What is k(-16)?
-8
Let b(i) = 21*i - 164. Calculate b(6).
-38
Let b(v) = 2*v**3 - 16*v**2 - 17*v - 30. Give b(9).
-21
Let t(s) = 7*s**2 - 1826*s - 296. Determine t(261).
-35
Let x(p) = -2*p**2 + 7*p - 201. What is x(0)?
-201
Let g(x) = 9*x**2 - 428*x + 229. Give g(47).
-6
Let m(o) = 6*o**2 - 32*o + 156. Determine m(4).
124
Let t(b) = -208*b**2 + 5616*b + 23. Give t(27).
23
Let t(s) = -7*s - 85. Determine t(-4).
-57
Let h(v) = -7*v - 478. What is h(-70)?
12
Let n(v) = -90*v - 21. Determine n(1).
-111
Let l(z) = 5*z**2 + 162*z + 490. Determine l(-29).
-3
Let b(u) = 4*u**2 - 132*u + 89. Calculate b(33).
89
Let d(l) = 6*l + 91. Give d(-9).
37
Let q(c) = -c**3 - 11*c**2 - 2*c + 55. Determine q(-9).
-89
Let k(v) = -37*v + 18. What is k(1)?
-19
Let b(x) = 63*x + 261. Determine b(-4).
9
Let i(b) = 2*b**3 + 22*b**2 + 25*b + 28. Give i(-10).
-22
Let h(c) = -3*c**3 + 35*c**2 + 41*c + 5. Give h(-1).
2
Let c(w) = -32*w + 1302. What is c(41)?
-10
Let s(u) = -u - 12. Determine s(-37).
25
Let c(h) = 19*h**2 - 42*h - 41. What is c(-1)?
20
Let p(s) = -5*s**2 + 4*s - 1. Determine p(2).
-13
Let n(z) = 32*z + 30. Give n(0).
30
Let m(f) = f**2 + 47*f - 5423. What is m(-101)?
31
Let o(a) = -2*a**3 - 572*a**2 + 3508*a + 1162. Determine o(-292).
-6
Let v(h) = 2*h**2 - 75*h + 98. Calculate v(34).
-140
Let m(f) = -66*f - 4686. Give m(-71).
0
Let q(m) = 892*m + 893. Determine q(-1).
1
Let k(x) = 428*x + 25676. Calculate k(-60).
-4
Let c(o) = -17*o - 53. What is c(-8)?
83
Let w(q) = -q**2 - 57*q + 301. Give w(-63).
-77
Let t(h) = -4*h**2 + 15*h + 33. Determine t(6).
-21
Let x(a) = 328*a + 1658. Calculate x(-5).
18
Let h(d) = d**3 - 29*d**2 - 130*d. What is h(-4)?
-8
Let b(s) = -59*s**2 - 11*s + 7. Calculate b(-1).
-41
Let t(a) = -3*a**3 - 48*a**2 + a + 21. Calculate t(-16).
5
Let t(r) = -r**2 - 191*r + 4447. Calculate t(21).
-5
Let w(m) = -2*m**3 + 13*m**2 + 10*m - 30. What is w(6)?
66
Let s(m) = -213*m**2 - 8307*m. What is s(-39)?
0
Let s(i) = 284*i - 18023. Give s(63).
-131
Let l(p) = 1656*p - 3307. Give l(2).
5
Let x(i) = 1472*i + 111879. What is x(-76)?
7
Let r(y) = y + 56. Give r(-23).
33
Let z(n) = -2*n**3 - 93*n**2 - 45*n. What is z(-46)?
-46
Let i(w) = -295*w + 1625. Determine i(6).
-145
Let p(r) = -2413*r**2 - 38612*r - 59. Determine p(-16).
5
Let u(l) = -30*l**2 - 94*l - 95. Give u(-1).
-31
Let p(l) = l**2 - 327*l + 15590. Give p(58).
-12
Let o(y) = -2*y**2 + 120*y - 1761. Calculate o(25).
-11
Let d(i) = -4512*i + 22549. What is d(5)?
-11
Let i(l) = l**3 - 2*l**2 + 5*l + 16. Give i(-2).
-10
Let m(l) = 4*l**3 + 75*l**2 - 24*l - 104. Give m(